{"id":20758,"date":"2025-04-11T08:56:39","date_gmt":"2025-04-11T07:56:39","guid":{"rendered":"https:\/\/www.supertabory.sk\/?page_id=20758"},"modified":"2025-05-28T09:24:30","modified_gmt":"2025-05-28T08:24:30","slug":"prihlaska-tabor-slsp-bb","status":"publish","type":"page","link":"https:\/\/www.supertabory.sk\/index.php\/prihlaska-tabor-slsp-bb\/","title":{"rendered":"Prihl\u00e1\u0161ka t\u00e1bor SLSP BB"},"content":{"rendered":"<div class=\"wpb-content-wrapper\"><p>[vc_row css_animation=&#8220;&#8220; row_type=&#8220;row&#8220; use_row_as_full_screen_section=&#8220;no&#8220; type=&#8220;full_width&#8220; angled_section=&#8220;no&#8220; text_align=&#8220;left&#8220; background_image_as_pattern=&#8220;without_pattern&#8220;][vc_column][vc_column_text]<\/p>\n<hr \/>\n<p>[\/vc_column_text][vc_column_text css=&#8220;&#8220;]Prihlasovanie je ukon\u010den\u00e9. \u010eakujeme.[\/vc_column_text][\/vc_column][\/vc_row][vc_row css_animation=&#8220;&#8220; row_type=&#8220;row&#8220; use_row_as_full_screen_section=&#8220;no&#8220; type=&#8220;full_width&#8220; angled_section=&#8220;no&#8220; text_align=&#8220;left&#8220; background_image_as_pattern=&#8220;without_pattern&#8220;][vc_column][vc_empty_space][\/vc_column][\/vc_row]<\/p>\n<\/div>","protected":false},"excerpt":{"rendered":"<p>[vc_row css_animation=&#8220;&#8220; row_type=&#8220;row&#8220; use_row_as_full_screen_section=&#8220;no&#8220; type=&#8220;full_width&#8220; angled_section=&#8220;no&#8220; text_align=&#8220;left&#8220; background_image_as_pattern=&#8220;without_pattern&#8220;][vc_column][vc_column_text] [\/vc_column_text][vc_column_text css=&#8220;&#8220;]Prihlasovanie je ukon\u010den\u00e9. \u010eakujeme.[\/vc_column_text][\/vc_column][\/vc_row][vc_row css_animation=&#8220;&#8220; row_type=&#8220;row&#8220; use_row_as_full_screen_section=&#8220;no&#8220; type=&#8220;full_width&#8220; angled_section=&#8220;no&#8220; text_align=&#8220;left&#8220; background_image_as_pattern=&#8220;without_pattern&#8220;][vc_column][vc_empty_space][\/vc_column][\/vc_row]<\/p>\n","protected":false},"author":1,"featured_media":0,"parent":0,"menu_order":0,"comment_status":"closed","ping_status":"closed","template":"","meta":{"footnotes":""},"class_list":["post-20758","page","type-page","status-publish","hentry"],"_links":{"self":[{"href":"https:\/\/www.supertabory.sk\/index.php\/wp-json\/wp\/v2\/pages\/20758","targetHints":{"allow":["GET"]}}],"collection":[{"href":"https:\/\/www.supertabory.sk\/index.php\/wp-json\/wp\/v2\/pages"}],"about":[{"href":"https:\/\/www.supertabory.sk\/index.php\/wp-json\/wp\/v2\/types\/page"}],"author":[{"embeddable":true,"href":"https:\/\/www.supertabory.sk\/index.php\/wp-json\/wp\/v2\/users\/1"}],"replies":[{"embeddable":true,"href":"https:\/\/www.supertabory.sk\/index.php\/wp-json\/wp\/v2\/comments?post=20758"}],"version-history":[{"count":3,"href":"https:\/\/www.supertabory.sk\/index.php\/wp-json\/wp\/v2\/pages\/20758\/revisions"}],"predecessor-version":[{"id":21325,"href":"https:\/\/www.supertabory.sk\/index.php\/wp-json\/wp\/v2\/pages\/20758\/revisions\/21325"}],"wp:attachment":[{"href":"https:\/\/www.supertabory.sk\/index.php\/wp-json\/wp\/v2\/media?parent=20758"}],"curies":[{"name":"wp","href":"https:\/\/api.w.org\/{rel}","templated":true}]}}