{"id":16264,"date":"2019-01-10T20:42:15","date_gmt":"2019-01-10T19:42:15","guid":{"rendered":"http:\/\/www.supertabory.sk\/?page_id=16264"},"modified":"2019-01-10T20:42:15","modified_gmt":"2019-01-10T19:42:15","slug":"prihlaska-jarny-tabor","status":"publish","type":"page","link":"https:\/\/www.supertabory.sk\/index.php\/prihlaska-jarny-tabor\/","title":{"rendered":"Prihl\u00e1\u0161ka jarn\u00fd t\u00e1bor"},"content":{"rendered":"<div class=\"wpb-content-wrapper\"><p>[vc_row css_animation=&#8220;&#8220; row_type=&#8220;row&#8220; use_row_as_full_screen_section=&#8220;no&#8220; type=&#8220;full_width&#8220; angled_section=&#8220;no&#8220; text_align=&#8220;left&#8220; background_image_as_pattern=&#8220;without_pattern&#8220;][vc_column]\n<div class=\"wpcf7 no-js\" id=\"wpcf7-f16263-o1\" lang=\"sk-SK\" dir=\"ltr\" data-wpcf7-id=\"16263\">\n<div class=\"screen-reader-response\"><p role=\"status\" aria-live=\"polite\" aria-atomic=\"true\"><\/p> <ul><\/ul><\/div>\n<form action=\"\/index.php\/wp-json\/wp\/v2\/pages\/16264#wpcf7-f16263-o1\" method=\"post\" class=\"wpcf7-form init default\" aria-label=\"Kontaktn\u00fd formul\u00e1r\" novalidate=\"novalidate\" data-status=\"init\">\n<div style=\"display: none;\">\n<input type=\"hidden\" name=\"_wpcf7\" value=\"16263\" \/>\n<input type=\"hidden\" name=\"_wpcf7_version\" value=\"6.0.3\" \/>\n<input type=\"hidden\" name=\"_wpcf7_locale\" value=\"sk_SK\" \/>\n<input type=\"hidden\" name=\"_wpcf7_unit_tag\" value=\"wpcf7-f16263-o1\" \/>\n<input type=\"hidden\" name=\"_wpcf7_container_post\" value=\"0\" \/>\n<input type=\"hidden\" name=\"_wpcf7_posted_data_hash\" value=\"\" \/>\n<\/div>\n<p><label> N\u00e1zov t\u00e1bora (povinn\u00e9)<br \/>\n<span class=\"wpcf7-form-control-wrap\" data-name=\"menu-450\"><select class=\"wpcf7-form-control wpcf7-select wpcf7-validates-as-required\" aria-required=\"true\" aria-invalid=\"false\" name=\"menu-450\"><option value=\"V\u00fdber\">V\u00fdber<\/option><option value=\"Sampovia na potulk\u00e1ch\">Sampovia na potulk\u00e1ch<\/option><\/select><\/span><\/label>\n<\/p>\n<p><label>Term\u00edn (povinn\u00e9)<br \/>\n<span class=\"wpcf7-form-control-wrap\" data-name=\"menu-613\"><select class=\"wpcf7-form-control wpcf7-select wpcf7-validates-as-required\" aria-required=\"true\" aria-invalid=\"false\" name=\"menu-613\"><option value=\"V\u00fdber\">V\u00fdber<\/option><option value=\"25.2.-1.3.2019\">25.2.-1.3.2019<\/option><\/select><\/span><\/label>\n<\/p>\n<p><label> Meno a priezvisko die\u0165a\u0165a (povinn\u00e9)<br \/>\n<span class=\"wpcf7-form-control-wrap\" data-name=\"your-name\"><input size=\"40\" maxlength=\"400\" class=\"wpcf7-form-control wpcf7-text wpcf7-validates-as-required\" aria-required=\"true\" aria-invalid=\"false\" value=\"\" type=\"text\" name=\"your-name\" \/><\/span> <\/label>\n<\/p>\n<p><label> D\u00e1tum narodenia die\u0165a\u0165a (povinn\u00e9)<br \/>\n<span class=\"wpcf7-form-control-wrap\" data-name=\"text-267\"><input size=\"40\" maxlength=\"400\" class=\"wpcf7-form-control wpcf7-text wpcf7-validates-as-required\" aria-required=\"true\" aria-invalid=\"false\" value=\"\" type=\"text\" name=\"text-267\" \/><\/span><\/label>\n<\/p>\n<p><label>Adresa bydliska \/ulica, \u010d\u00edslo\/ (povinn\u00e9)<br \/>\n<span class=\"wpcf7-form-control-wrap\" data-name=\"text-658\"><input size=\"40\" maxlength=\"400\" class=\"wpcf7-form-control wpcf7-text wpcf7-validates-as-required\" aria-required=\"true\" aria-invalid=\"false\" value=\"\" type=\"text\" name=\"text-658\" \/><\/span><\/label>\n<\/p>\n<p><label>Mesto (povinn\u00e9)<br \/>\n<span class=\"wpcf7-form-control-wrap\" data-name=\"text-477\"><input size=\"40\" maxlength=\"400\" class=\"wpcf7-form-control wpcf7-text wpcf7-validates-as-required\" aria-required=\"true\" aria-invalid=\"false\" value=\"\" type=\"text\" name=\"text-477\" \/><\/span><\/label>\n<\/p>\n<p><label>PS\u010c (povinn\u00e9)<br \/>\n<span class=\"wpcf7-form-control-wrap\" data-name=\"text-992\"><input size=\"40\" maxlength=\"400\" class=\"wpcf7-form-control wpcf7-text wpcf7-validates-as-required\" aria-required=\"true\" aria-invalid=\"false\" value=\"\" type=\"text\" name=\"text-992\" \/><\/span><\/label>\n<\/p>\n<p><label>Meno a priezvisko z\u00e1konn\u00e9ho z\u00e1stupcu (povinn\u00e9)<br \/>\n<span class=\"wpcf7-form-control-wrap\" data-name=\"text-238\"><input size=\"40\" maxlength=\"400\" class=\"wpcf7-form-control wpcf7-text wpcf7-validates-as-required\" aria-required=\"true\" aria-invalid=\"false\" value=\"\" type=\"text\" name=\"text-238\" \/><\/span><\/label>\n<\/p>\n<p><label>Telef\u00f3n (povinn\u00e9)<br \/>\n<span class=\"wpcf7-form-control-wrap\" data-name=\"text-128\"><input size=\"40\" maxlength=\"400\" class=\"wpcf7-form-control wpcf7-text wpcf7-validates-as-required\" aria-required=\"true\" aria-invalid=\"false\" value=\"\" type=\"text\" name=\"text-128\" \/><\/span><\/label>\n<\/p>\n<p><label> Email (povinn\u00e9)<br \/>\n<span class=\"wpcf7-form-control-wrap\" data-name=\"your-email\"><input size=\"40\" maxlength=\"400\" class=\"wpcf7-form-control wpcf7-email wpcf7-validates-as-required wpcf7-text wpcf7-validates-as-email\" aria-required=\"true\" aria-invalid=\"false\" value=\"\" type=\"email\" name=\"your-email\" \/><\/span> <\/label>\n<\/p>\n<p><label>Doplnkov\u00e9 poistenie 0,60 Eur\/1 de\u0148<br \/>\n<span class=\"wpcf7-form-control-wrap\" data-name=\"checkbox-836\"><span class=\"wpcf7-form-control wpcf7-checkbox wpcf7-validates-as-required\"><span class=\"wpcf7-list-item first\"><input type=\"checkbox\" name=\"checkbox-836[]\" value=\"\u00c1no\" \/><span class=\"wpcf7-list-item-label\">\u00c1no<\/span><\/span><span class=\"wpcf7-list-item last\"><input type=\"checkbox\" name=\"checkbox-836[]\" value=\"Nie\" \/><span class=\"wpcf7-list-item-label\">Nie<\/span><\/span><\/span><\/span><\/label>\n<\/p>\n<p><label> Ako ste sa o n\u00e1s dozvedeli<br \/>\n<span class=\"wpcf7-form-control-wrap\" data-name=\"your-subject\"><input size=\"40\" maxlength=\"400\" class=\"wpcf7-form-control wpcf7-text\" aria-invalid=\"false\" value=\"\" type=\"text\" name=\"your-subject\" \/><\/span> <\/label>\n<\/p>\n<p><label> Pozn\u00e1mka<br \/>\n<span class=\"wpcf7-form-control-wrap\" data-name=\"your-message\"><textarea cols=\"40\" rows=\"10\" maxlength=\"2000\" class=\"wpcf7-form-control wpcf7-textarea\" aria-invalid=\"false\" name=\"your-message\"><\/textarea><\/span> <\/label>\n<\/p>\n<p><label><span class=\"wpcf7-form-control-wrap\" data-name=\"checkbox-375\"><span class=\"wpcf7-form-control wpcf7-checkbox wpcf7-validates-as-required\"><span class=\"wpcf7-list-item first last\"><input type=\"checkbox\" name=\"checkbox-375[]\" value=\"T\u00fdmto s\u00fahlas\u00edm so sprac\u00favan\u00edm mojich osobn\u00fdch \u00fadajov (meno, priezvisko, telef\u00f3nne \u010d\u00edslo, e-mailov\u00e1 adresa) pod\u013ea z\u00e1kona o ochrane osobn\u00fdch \u00fadajov a nariadenia Eur\u00f3pskeho parlamentu a Rady (E\u00da) spolo\u010dnos\u0165ou Lucia Zalubelov\u00e1 - Sampa Events. Tento s\u00fahlas je mo\u017en\u00e9 kedyko\u013evek odvola\u0165. Jeho odvolanie nem\u00e1 vplyv na z\u00e1konnos\u0165 sprac\u00favania pred jeho odvolan\u00edm.\" \/><span class=\"wpcf7-list-item-label\">T\u00fdmto s\u00fahlas\u00edm so sprac\u00favan\u00edm mojich osobn\u00fdch \u00fadajov (meno, priezvisko, telef\u00f3nne \u010d\u00edslo, e-mailov\u00e1 adresa) pod\u013ea z\u00e1kona o ochrane osobn\u00fdch \u00fadajov a nariadenia Eur\u00f3pskeho parlamentu a Rady (E\u00da) spolo\u010dnos\u0165ou Lucia Zalubelov\u00e1 - Sampa Events. Tento s\u00fahlas je mo\u017en\u00e9 kedyko\u013evek odvola\u0165. Jeho odvolanie nem\u00e1 vplyv na z\u00e1konnos\u0165 sprac\u00favania pred jeho odvolan\u00edm.<\/span><\/span><\/span><\/span><\/label>\n<\/p>\n<p><input class=\"wpcf7-form-control wpcf7-submit has-spinner\" type=\"submit\" value=\"Odosla\u0165 prihl\u00e1\u0161ku\" \/>\n<\/p><div class=\"wpcf7-response-output\" aria-hidden=\"true\"><\/div>\n<\/form>\n<\/div>\n[\/vc_column][\/vc_row][vc_row css_animation=&#8220;&#8220; row_type=&#8220;row&#8220; use_row_as_full_screen_section=&#8220;no&#8220; type=&#8220;full_width&#8220; angled_section=&#8220;no&#8220; text_align=&#8220;left&#8220; background_image_as_pattern=&#8220;without_pattern&#8220;][vc_column][vc_empty_space][\/vc_column][\/vc_row]<\/p>\n<\/div>","protected":false},"excerpt":{"rendered":"<p>[vc_row css_animation=&#8220;&#8220; row_type=&#8220;row&#8220; use_row_as_full_screen_section=&#8220;no&#8220; type=&#8220;full_width&#8220; angled_section=&#8220;no&#8220; text_align=&#8220;left&#8220; background_image_as_pattern=&#8220;without_pattern&#8220;][vc_column][\/vc_column][\/vc_row][vc_row css_animation=&#8220;&#8220; row_type=&#8220;row&#8220; use_row_as_full_screen_section=&#8220;no&#8220; type=&#8220;full_width&#8220; angled_section=&#8220;no&#8220; text_align=&#8220;left&#8220; background_image_as_pattern=&#8220;without_pattern&#8220;][vc_column][vc_empty_space][\/vc_column][\/vc_row]<\/p>\n","protected":false},"author":1,"featured_media":0,"parent":0,"menu_order":0,"comment_status":"closed","ping_status":"closed","template":"","meta":{"footnotes":""},"class_list":["post-16264","page","type-page","status-publish","hentry"],"_links":{"self":[{"href":"https:\/\/www.supertabory.sk\/index.php\/wp-json\/wp\/v2\/pages\/16264","targetHints":{"allow":["GET"]}}],"collection":[{"href":"https:\/\/www.supertabory.sk\/index.php\/wp-json\/wp\/v2\/pages"}],"about":[{"href":"https:\/\/www.supertabory.sk\/index.php\/wp-json\/wp\/v2\/types\/page"}],"author":[{"embeddable":true,"href":"https:\/\/www.supertabory.sk\/index.php\/wp-json\/wp\/v2\/users\/1"}],"replies":[{"embeddable":true,"href":"https:\/\/www.supertabory.sk\/index.php\/wp-json\/wp\/v2\/comments?post=16264"}],"version-history":[{"count":0,"href":"https:\/\/www.supertabory.sk\/index.php\/wp-json\/wp\/v2\/pages\/16264\/revisions"}],"wp:attachment":[{"href":"https:\/\/www.supertabory.sk\/index.php\/wp-json\/wp\/v2\/media?parent=16264"}],"curies":[{"name":"wp","href":"https:\/\/api.w.org\/{rel}","templated":true}]}}