{"id":15697,"date":"2018-02-05T12:00:57","date_gmt":"2018-02-05T11:00:57","guid":{"rendered":"http:\/\/www.supertabory.sk\/?page_id=15697"},"modified":"2025-03-12T17:53:26","modified_gmt":"2025-03-12T16:53:26","slug":"sampovia-vyletnici","status":"publish","type":"page","link":"https:\/\/www.supertabory.sk\/index.php\/sampovia-vyletnici\/","title":{"rendered":"Sampovia v\u00fdletn\u00edci"},"content":{"rendered":"<div class=\"wpb-content-wrapper\"><p>[vc_row css_animation=&#8220;&#8220; row_type=&#8220;row&#8220; use_row_as_full_screen_section=&#8220;no&#8220; type=&#8220;full_width&#8220; angled_section=&#8220;no&#8220; text_align=&#8220;left&#8220; background_image_as_pattern=&#8220;without_pattern&#8220;][vc_column][vc_column_text]<\/p>\n<h2>Sampovia v\u00fdletn\u00edci \u2013 Letn\u00fd t\u00e1bor<\/h2>\n<p>[\/vc_column_text][vc_empty_space height=&#8220;22px&#8220;][vc_column_text css=&#8220;&#8220;]<\/p>\n<p style=\"text-align: justify;\"><strong><img loading=\"lazy\" decoding=\"async\" class=\"size-medium wp-image-17069 alignleft\" src=\"http:\/\/www.supertabory.sk\/wp-content\/uploads\/2014\/05\/Sampovia-v\u00fdletn\u00edci-16-300x300.jpg\" alt=\"\" width=\"300\" height=\"300\" srcset=\"https:\/\/www.supertabory.sk\/wp-content\/uploads\/2014\/05\/Sampovia-v\u00fdletn\u00edci-16-300x300.jpg 300w, https:\/\/www.supertabory.sk\/wp-content\/uploads\/2014\/05\/Sampovia-v\u00fdletn\u00edci-16-100x100.jpg 100w, https:\/\/www.supertabory.sk\/wp-content\/uploads\/2014\/05\/Sampovia-v\u00fdletn\u00edci-16-150x150.jpg 150w, https:\/\/www.supertabory.sk\/wp-content\/uploads\/2014\/05\/Sampovia-v\u00fdletn\u00edci-16-500x500.jpg 500w, https:\/\/www.supertabory.sk\/wp-content\/uploads\/2014\/05\/Sampovia-v\u00fdletn\u00edci-16.jpg 503w\" sizes=\"auto, (max-width: 300px) 100vw, 300px\" \/>Odha\u013ete s nami tajomstv\u00e1 na Z\u00e1mku Schlosshof, Tvory, potvory a in\u00e9 bytosti, upe\u010dte si vlastn\u00fa pizzu, nav\u0161t\u00edvte Roz\u00e1lkovo a za\u017eite jazdu na kon\u00edkoch, splavte Mal\u00fd Dunaj a odha\u013ete tajomstv\u00e1 Rimanov.<br \/>\n<\/strong><\/p>\n<p style=\"text-align: justify;\">Doprajte Va\u0161im de\u0165om letn\u00fd z\u00e1\u017eitok, kde ka\u017ed\u00fd de\u0148 pocestuj\u00fa na nov\u00e9 miesto. Pr\u00edroda, kamar\u00e1ti, zvieratk\u00e1, kr\u00e1sne miesta a plno z\u00e1\u017eitkov, to je n\u00e1\u0161 denn\u00fd letn\u00fd t\u00e1bor Sampovia v\u00fdletn\u00edci.<\/p>\n<p>[\/vc_column_text][vc_empty_space][\/vc_column][\/vc_row][vc_row css_animation=&#8220;&#8220; row_type=&#8220;row&#8220; use_row_as_full_screen_section=&#8220;no&#8220; type=&#8220;full_width&#8220; angled_section=&#8220;no&#8220; text_align=&#8220;left&#8220; background_image_as_pattern=&#8220;without_pattern&#8220;][vc_column]<div class='q_icon_with_title medium circle '><div class=\"icon_holder \" style=\" \"><span data-icon-type=\"circle\"   class=\"qode_iwt_icon_holder fa-stack fa-3x  \" style=\"background-color: #f92f2f;\"><i class=\"qode_icon_font_awesome fa fa-smile-o qode_iwt_icon_element\" style=\"color: #ffffff;\" ><\/i><\/span><\/div><div class=\"icon_text_holder\" style=\"\"><div class=\"icon_text_inner\" style=\"\"><h5 class=\"icon_title\" style=\"color: #3d3d3d;\">Zaru\u010dujeme<\/h5><p style=''>Sk\u00fasen\u00fdch anim\u00e1torov. Super atmosf\u00e9ru, bohat\u00fd program, nov\u00e9 z\u00e1\u017eitky, z\u00e1bavn\u00e9 hry a s\u00fa\u0165a\u017ee. Desiatu\/tepl\u00fd obed\/olovrant\/pitn\u00fd re\u017eim. Desiata a olovrant zvy\u010dajne b\u00fdva formou pe\u010diva\/chleb\u00edku s n\u00e1tierkami, sladk\u00fdch alebo slan\u00fdch kol\u00e1\u010dikov a ovocia.<\/p><\/div><\/div><\/div><div class='q_icon_with_title medium circle '><div class=\"icon_holder \" style=\" \"><span data-icon-type=\"circle\"   class=\"qode_iwt_icon_holder fa-stack fa-3x  \" style=\"background-color: #f92f2f;\"><i class=\"qode_icon_font_awesome fa fa-calendar-check-o qode_iwt_icon_element\" style=\"color: #ffffff;\" ><\/i><\/span><\/div><div class=\"icon_text_holder\" style=\"\"><div class=\"icon_text_inner\" style=\"\"><h5 class=\"icon_title\" style=\"color: #3d3d3d;\">Vek<\/h5><p style=''>5 - 12 rokov<\/p><\/div><\/div><\/div>[vc_empty_space height=&#8220;12px&#8220;]<div class='q_icon_with_title medium circle '><div class=\"icon_holder \" style=\" \"><span data-icon-type=\"circle\"   class=\"qode_iwt_icon_holder fa-stack fa-3x  \" style=\"background-color: #f92f2f;\"><i class=\"qode_icon_font_awesome fa fa-clock-o qode_iwt_icon_element\" style=\"color: #ffffff;\" ><\/i><\/span><\/div><div class=\"icon_text_holder\" style=\"\"><div class=\"icon_text_inner\" style=\"\"><h5 class=\"icon_title\" style=\"color: #3d3d3d;\">\u010cas t\u00e1bora<\/h5><p style=''>8:00-16:30\/17:00 hod.<\/p><\/div><\/div><\/div>[vc_empty_space height=&#8220;12px&#8220;]<div class='q_icon_with_title medium circle '><div class=\"icon_holder \" style=\" \"><span data-icon-type=\"circle\"   class=\"qode_iwt_icon_holder fa-stack fa-3x  \" style=\"background-color: #f92f2f;\"><i class=\"qode_icon_font_awesome fa fa-eur qode_iwt_icon_element\" style=\"color: #ffffff;\" ><\/i><\/span><\/div><div class=\"icon_text_holder\" style=\"\"><div class=\"icon_text_inner\" style=\"\"><h5 class=\"icon_title\" style=\"color: #3d3d3d;\">Cena<\/h5><p style=''>180 \u20ac\/5 dn\u00ed.<\/p><\/div><\/div><\/div>[vc_column_text]<\/p>\n<p style=\"padding-left: 120px;\">Zahrnut\u00e9 v\u00a0cene: ka\u017edodenn\u00e9 v\u00fdlety \/ program \/ vstupy \/ doprava MHD + medzimestsk\u00e1\/ sk\u00fasen\u00ed in\u0161truktori \/ desiata \/ obed \/ olovrant \/ pitn\u00fd re\u017eim<\/p>\n<p>[\/vc_column_text][vc_empty_space height=&#8220;12px&#8220;]<div class='q_icon_with_title medium circle '><div class=\"icon_holder \" style=\" \"><span data-icon-type=\"circle\"   class=\"qode_iwt_icon_holder fa-stack fa-3x  \" style=\"background-color: #f92f2f;\"><i class=\"qode_icon_font_awesome fa fa-home qode_iwt_icon_element\" style=\"color: #ffffff;\" ><\/i><\/span><\/div><div class=\"icon_text_holder\" style=\"\"><div class=\"icon_text_inner\" style=\"\"><h5 class=\"icon_title\" style=\"color: #3d3d3d;\">Miesto stretnutia a odovzdania det\u00ed<\/h5><p style=''>Detsk\u00e9 ihrisko Jakubovo n\u00e1mestie, Bratislava<\/p><\/div><\/div><\/div>[\/vc_column][\/vc_row][vc_row css_animation=&#8220;&#8220; row_type=&#8220;row&#8220; use_row_as_full_screen_section=&#8220;no&#8220; type=&#8220;full_width&#8220; angled_section=&#8220;no&#8220; text_align=&#8220;left&#8220; background_image_as_pattern=&#8220;without_pattern&#8220;][vc_column][vc_empty_space][vc_column_text]<\/p>\n<h4>PROGRAM<\/h4>\n<p>[\/vc_column_text][\/vc_column][\/vc_row][vc_row css_animation=&#8220;&#8220; row_type=&#8220;row&#8220; use_row_as_full_screen_section=&#8220;no&#8220; type=&#8220;full_width&#8220; angled_section=&#8220;no&#8220; text_align=&#8220;left&#8220; background_image_as_pattern=&#8220;without_pattern&#8220;][vc_column][vc_separator type=&#8220;normal&#8220; color=&#8220;#f92f2f&#8220;][\/vc_column][\/vc_row][vc_row css_animation=&#8220;&#8220; row_type=&#8220;row&#8220; use_row_as_full_screen_section=&#8220;no&#8220; type=&#8220;full_width&#8220; angled_section=&#8220;no&#8220; text_align=&#8220;left&#8220; background_image_as_pattern=&#8220;without_pattern&#8220;][vc_column][vc_column_text css=&#8220;&#8220;]<\/p>\n<ol>\n<li style=\"text-align: justify;\"><strong>DE\u0147 \u2013 <\/strong><strong>Z\u00e1mok Schloss Hof<\/strong> &#8211; tento de\u0148 n\u00e1s \u010dak\u00e1 v\u00fdlet do Rak\u00faska, kde odkryjeme tajn\u00e9 cesti\u010dky na z\u00e1mku. \u010cakaj\u00fa n\u00e1s tie\u017e kr\u00e1\u013eovsk\u00e9 tvoriv\u00e9 dielne, netradi\u010dn\u00e9 zvierat\u00e1 a par\u00e1dne ihrisk\u00e1.<\/li>\n<li style=\"text-align: justify;\"><strong>DE\u0147 \u2013<\/strong> <strong>Tvory, potvory a in\u00e9 bytosti &#8211;<\/strong> druh\u00fd de\u0148 m\u00e1me namieren\u00e9 do starobyl\u00e9ho meste\u010dka Sv\u00e4t\u00fd Jur, kde deti odhalia \u010darovn\u00e9 bytosti tohto mesta. Obed bude netradi\u010dn\u00fd, preto\u017ee deti si v historickom Renesan\u010dnom dome sami upe\u010d\u00fa pizzu pod\u013ea vlastnej chuti v autentickej rozk\u00farenej peci. Po obede n\u00e1s \u010dakaj\u00fa hry v Scheidlinovej z\u00e1hrade.<\/li>\n<li style=\"text-align: justify;\"><strong>DE\u0147 \u2013 <\/strong><strong>Tajomstv\u00e1 rimanov <\/strong>&#8211; v Rusovskej Gerulate sa nech\u00e1me strhn\u00fa\u0165 pr\u00edbehom starovek\u00e9ho R\u00edma, kde odhal\u00edme nie len tajomstv\u00e1 rimanov ale vyd\u00e1me sa h\u013eada\u0165 d\u00e1vno ukryt\u00fd poklad.<\/li>\n<li style=\"text-align: justify;\"><strong>DE\u0147 \u2013 Splav Mal\u00e9ho Dunaja<\/strong> \u2013 z\u00e1\u017eitkov\u00fd de\u0148 na lo\u010fke, ktor\u00fd deti str\u00e1via p\u00e1dlovan\u00edm a objavovan\u00edm zauj\u00edmav\u00fdch\u00a0z\u00e1kut\u00ed ramien Mal\u00e9ho Dunaja, pozorovan\u00edm vodn\u00e9ho vt\u00e1ctva a kr\u00e1snej pr\u00edrody. Splavujeme zo Z\u00e1lesia do Novej Dedinky, \u010do je nen\u00e1ro\u010dn\u00fd \u00fasek vhodn\u00fd pre za\u010diato\u010dn\u00edkov. \/Pre zv\u00fd\u0161enie bezpe\u010dnosti s\u00fa lo\u010fky spojen\u00e9 do katamar\u00e1nu, tak\u017ee sa nedaj\u00fa prevr\u00e1ti\u0165, deti maj\u00fa vesty a s\u00fa pod neust\u00e1lym doh\u013eadom in\u0161truktorov\/.<\/li>\n<li style=\"text-align: justify;\"><strong>DE\u0147 \u2013 <\/strong><b>Ran\u010d Roz\u00e1lka a Roz\u00e1lkovo <\/b>&#8211; posledn\u00fd de\u0148 str\u00e1vime na ran\u010di Roz\u00e1lka v Pezinku, kde sa deti pred jazdou na koni nau\u010dia kon\u00edka vy\u010disti\u0165, uzdi\u0165 a osedla\u0165. Okrem ran\u010da si deti bud\u00fa m\u00f4c\u0165 u\u017ei\u0165 hrav\u00fd svet Roz\u00e1lkova.<\/li>\n<\/ol>\n<p>[\/vc_column_text][vc_empty_space][vc_column_text]<\/p>\n<h4>TURNUSY<\/h4>\n<p>[\/vc_column_text][vc_separator type=&#8220;normal&#8220; color=&#8220;#f92f2f&#8220;][vc_column_text css=&#8220;&#8220;]<\/p>\n<ol>\n<li><strong>14.07.2024 &#8211; 18.07.2025<\/strong> <strong>\u00a0 \u00a0 \u00a0 \u00a0\u00a0 <span style=\"color: #ff0000;\">IIIIIIIIIIIIIIIIIIII <\/span><span style=\"color: #99cc00;\"><span style=\"color: #ff0000;\">OBSADEN\u00c9<\/span><\/span>\u00a0\u00a0 \u00a0 \u00a0 \u00a0 \u00a0 \u00a0 \u00a0 \u00a0\u00a0 <\/strong><strong><br \/>\n<\/strong><strong><br \/>\n<\/strong><\/li>\n<\/ol>\n<p>[\/vc_column_text][vc_empty_space][\/vc_column][\/vc_row][vc_row css_animation=&#8220;&#8220; row_type=&#8220;row&#8220; use_row_as_full_screen_section=&#8220;no&#8220; type=&#8220;full_width&#8220; angled_section=&#8220;no&#8220; text_align=&#8220;left&#8220; background_image_as_pattern=&#8220;without_pattern&#8220;][vc_column][vc_column_text css=&#8220;&#8220;]<\/p>\n<p style=\"text-align: justify;\">Poradie dn\u00ed alebo zmena programu m\u00f4\u017ee nasta\u0165 v z\u00e1vislosti od po\u010dasia. Program sa v\u0161ak sna\u017e\u00edme dodr\u017ea\u0165, sme outdoorov\u00fd t\u00e1bor a d\u00e1\u017e\u010f zvl\u00e1dne kamar\u00e1t pr\u0161ipl\u00e1\u0161\u0165 :-). V pr\u00edpade ve\u013emi nepriazniv\u00e9ho po\u010dasia vol\u00edme n\u00e1hradn\u00fd program.<\/p>\n<p style=\"text-align: justify;\">Podrobn\u00fd program a in\u0161trukcie V\u00e1m za\u0161leme po prihl\u00e1sen\u00ed die\u0165a\u0165a na t\u00e1bor.<\/p>\n<p>[\/vc_column_text][vc_empty_space][\/vc_column][\/vc_row][vc_row css_animation=&#8220;&#8220; row_type=&#8220;row&#8220; use_row_as_full_screen_section=&#8220;no&#8220; type=&#8220;full_width&#8220; angled_section=&#8220;no&#8220; text_align=&#8220;left&#8220; background_image_as_pattern=&#8220;without_pattern&#8220;][vc_column]<a  itemprop=\"url\" href=\"https:\/\/www.supertabory.sk\/index.php\/prihlaska-tabor\/\" target=\"_self\"  class=\"qbutton  big_large_full_width center default\" style=\"\">PRIHL\u00c1\u0160KA<\/a>[\/vc_column][\/vc_row][vc_row css_animation=&#8220;&#8220; row_type=&#8220;row&#8220; use_row_as_full_screen_section=&#8220;no&#8220; type=&#8220;full_width&#8220; angled_section=&#8220;no&#8220; text_align=&#8220;left&#8220; background_image_as_pattern=&#8220;without_pattern&#8220;][vc_column][vc_empty_space height=&#8220;52px&#8220;][\/vc_column][\/vc_row]<\/p>\n<\/div>","protected":false},"excerpt":{"rendered":"<p>[vc_row css_animation=&#8220;&#8220; row_type=&#8220;row&#8220; use_row_as_full_screen_section=&#8220;no&#8220; type=&#8220;full_width&#8220; angled_section=&#8220;no&#8220; text_align=&#8220;left&#8220; background_image_as_pattern=&#8220;without_pattern&#8220;][vc_column][vc_column_text] Sampovia v\u00fdletn\u00edci \u2013 Letn\u00fd t\u00e1bor [\/vc_column_text][vc_empty_space height=&#8220;22px&#8220;][vc_column_text css=&#8220;&#8220;] Odha\u013ete s nami tajomstv\u00e1 na Z\u00e1mku Schlosshof, Tvory, potvory a in\u00e9 bytosti, upe\u010dte si vlastn\u00fa pizzu, nav\u0161t\u00edvte Roz\u00e1lkovo a za\u017eite jazdu na kon\u00edkoch, splavte Mal\u00fd Dunaj a odha\u013ete tajomstv\u00e1&#8230;<\/p>\n","protected":false},"author":1,"featured_media":0,"parent":0,"menu_order":0,"comment_status":"closed","ping_status":"closed","template":"","meta":{"footnotes":""},"class_list":["post-15697","page","type-page","status-publish","hentry"],"_links":{"self":[{"href":"https:\/\/www.supertabory.sk\/index.php\/wp-json\/wp\/v2\/pages\/15697","targetHints":{"allow":["GET"]}}],"collection":[{"href":"https:\/\/www.supertabory.sk\/index.php\/wp-json\/wp\/v2\/pages"}],"about":[{"href":"https:\/\/www.supertabory.sk\/index.php\/wp-json\/wp\/v2\/types\/page"}],"author":[{"embeddable":true,"href":"https:\/\/www.supertabory.sk\/index.php\/wp-json\/wp\/v2\/users\/1"}],"replies":[{"embeddable":true,"href":"https:\/\/www.supertabory.sk\/index.php\/wp-json\/wp\/v2\/comments?post=15697"}],"version-history":[{"count":91,"href":"https:\/\/www.supertabory.sk\/index.php\/wp-json\/wp\/v2\/pages\/15697\/revisions"}],"predecessor-version":[{"id":20424,"href":"https:\/\/www.supertabory.sk\/index.php\/wp-json\/wp\/v2\/pages\/15697\/revisions\/20424"}],"wp:attachment":[{"href":"https:\/\/www.supertabory.sk\/index.php\/wp-json\/wp\/v2\/media?parent=15697"}],"curies":[{"name":"wp","href":"https:\/\/api.w.org\/{rel}","templated":true}]}}